ose 23 = r - w. Calculate the remainder when 94 is divided by r.
22
Let a = -15 - -21. Let d = a + 10. Let x(j) = -j**3 - 20*j**2 + 18*j - 16. Calculate the remainder when x(-21) is divided by d.
15
Suppose -4*r + 3*r + 55 = 0. What is the remainder when r is divided by (1*2)/(12/114)?
17
Suppose 4*c + 2934 = 22*c. Calculate the remainder when c is divided by 17.
10
Let z(s) = -s + 6. Let k be z(-14). Suppose -k = -6*w + 28. What is the remainder when 12 is divided by w?
4
Let x = 59 + 9. What is the remainder when 1631 is divided by x?
67
Suppose -867 = -13*j + 6842. Suppose 4*i - 478 = -u, 0*i + 5*i = u + j. Calculate the remainder when i is divided by 25.
19
Let b(d) = 2*d**3 - 50*d**2 - 52*d + 30. Calculate the remainder when 78 is divided by b(26).
18
Let t = 7 - -3. Suppose -3*k - 1 = -7, -4*k = 4*y - 48. Calculate the remainder when (72/y)/((-11)/(165/(-6))) is divided by t.
8
Let q(h) = h**3 + 12*h**2 - 27*h + 29. Let y be q(-14). Let o(g) = g**3 - 16*g**2 + 16*g - 12. Calculate the remainder when o(y) is divided by 3.
0
Let b = 65 - -76. Calculate the remainder when b is divided by 72.
69
Let g(z) = z**3 + 4*z**2 - 5*z + 6. Calculate the remainder when (12/8 - 70/(-4)) + -4 is divided by g(-5).
3
Let n(y) = -y**3 - 7*y**2 - 2*y - 7. Let j be n(-6). Let m = j - -73. What is the remainder when m is divided by 11?
9
Let q be 209/(-6) - 1/6. Let i = -9 - q. Let h(o) = -o**3 + 15*o**2 - 34*o + 53. What is the remainder when h(12) is divided by i?
25
Suppose 9*j - 4*j - 4*p = 167, 3 = -p. Suppose 0*w - z = -5*w + 173, w - j = -z. Calculate the remainder when 203 is divided by w.
33
Let m = -469 + 476. Suppose -15 = -u + 2*r, -30 = -2*u + r + r. Suppose -3*q - 4*g + 3*g = -80, -3*g + u = 0. Calculate the remainder when q is divided by m.
4
Suppose 0 = -9*w + 1697 - 86. What is the remainder when w is divided by 9?
8
Suppose -4*w - 113 = m - 4*m, -5*w = -4*m + 150. Suppose 4*g + 721 = 11*g. What is the remainder when g is divided by m?
33
Let w(m) = 7*m**2 - 3*m - 13. Calculate the remainder when w(-3) is divided by (-110)/(-7) - 6/(-21).
11
Suppose 0 = -d + 6 + 1. Let h be (-4)/(-7)*21/6. Suppose -42 - 53 = -3*p - 5*a, h*p + a - 54 = 0. Calculate the remainder when p is divided by d.
4
Let k(r) = -27*r**3 - 2*r**2 - 2*r - 1. Let b = -2 - -1. What is the remainder when k(b) is divided by (4*28/144)/((-5)/(-45))?
5
Suppose g + c - 9 = 0, 4*c - 6 = 10. Suppose g*m - 5 = 5. Suppose 4*z + m*k - 2 = 48, 5*z - 79 = 3*k. What is the remainder when 38 is divided by z?
10
Let x = -48 + 34. Calculate the remainder when (-1222)/x + (-2 - (-48)/28) is divided by 22.
21
Let i = -73 + 283. Calculate the remainder when i is divided by 53.
51
Let p be (-5)/((-5)/2) + 5. Suppose 0 = -l + 48 - 9. Calculate the remainder when l is divided by (1 - -13 - 1) + p + -6.
11
Let r = 84 - 39. Let w = r + -43. What is the remainder when 4 is divided by w?
0
Let n(o) = o**2 - 6*o - 11. Let x be n(8). Let a = x + 5. Let u = 8 + -5. What is the remainder when a is divided by u?
1
Suppose p - 2*s - 210 = -0*p, -4*s = -p + 214. What is the remainder when p is divided by 42?
38
Suppose 2*k + 44 = 6*k. Suppose -3*s - 3*a = -48, 4*a + 36 = 2*s - s. Suppose -s = -i - 0*i. Calculate the remainder when i is divided by k.
9
Suppose 5*k - 565 = -5*u, 2*k - 97 = 3*u + 134. Calculate the remainder when k is divided by 29.
27
Let u = -20 - -45. Let j = 1 + u. Suppose -10 = -3*w + j. What is the remainder when w is divided by 5?
2
Suppose -5*r + 244 = -4*p, 11*r - 12*r = 4*p - 44. What is the remainder when 139 is divided by r?
43
Suppose 2*h + 3*d - 331 = 2*d, 5*h - 5*d = 865. Calculate the remainder when h is divided by 43.
39
Let u be 2/3 - 36/(-27). Let k(j) = 2*j**2 - 2*j**2 + 4 - 4*j + 2*j + j**u. Calculate the remainder when 35 is divided by k(5).
16
Let t(h) = -4*h**2 + 13*h - 21. Let f(l) = 13*l**2 - 40*l + 62. Let d(z) = -2*f(z) - 7*t(z). What is the remainder when d(7) is divided by 12?
8
Suppose -1 - 1 = 2*a - f, -5*a - 7 = -3*f. Suppose r - 21 = -a. Let m = r - 7. What is the remainder when 37 is divided by m?
11
Suppose -2*d + 5*u = -14, -3*u = -5*u. Suppose -d*r + 61 = -16. Let t = -9 - -11. What is the remainder when r is divided by t?
1
Suppose 0 = -7*n + 6*n + 33. Suppose 3*f = -6, h + 3*f = -f + 56. What is the remainder when h is divided by n?
31
Let q = 85 - 56. Let g be 43/3 + (-4)/(-6). What is the remainder when q is divided by (g/(-2))/((-7)/14)?
14
Let w(v) = -32*v + 10. Let q(a) = 11*a - 3. Let k(i) = -17*q(i) - 6*w(i). What is the remainder when 70 is divided by k(9)?
34
Let b = -31 - -12. Let k = 21 - b. Suppose -w + 16 = 2*s, -5*w - 3*s + 33 = -k. What is the remainder when 27 is divided by w?
13
Let k(i) = i**3 + 14*i**2 - 17*i + 7. Let b be ((-1764)/(-16))/(-7) - (-3)/4. Calculate the remainder when 68 is divided by k(b).
31
Let a = 21 + -12. Suppose 0*k + a = k. Let j = 10235 - 10210. Calculate the remainder when j is divided by k.
7
Suppose -52 = -0*k - k. Let q = -32 + k. Let a = -140 + 217. Calculate the remainder when a is divided by q.
17
Suppose 51 = -v + 2*v. Let s = -36 + v. What is the remainder when s is divided by 6?
3
Let h = -423 + 455. Calculate the remainder when 157 is divided by h.
29
Let l(c) = -c**2 + 8*c - 12. Let j be l(5). Suppose 0 = 2*a + a - j, -5 = u - 3*a. Calculate the remainder when 29 is divided by 616/40 + u/5.
14
Let k(n) = n**3 + 14*n**2 - 17*n + 4. What is the remainder when k(-15) is divided by 34?
0
Let x(c) = -c**3 + 12*c**2 - 12*c - 38. What is the remainder when 249 is divided by x(10)?
39
What is the remainder when 302/5 - (-39)/65 is divided by 16?
13
Let g(c) be the third derivative of -13*c**4/12 + 19*c**3/6 + 3*c**2. Let l be g(-7). Suppose -2*p + l = p. Calculate the remainder when p is divided by 17.
16
Let r(i) = -2 + 0 + 13*i**2 + 2*i - 11*i**2 + 6*i. Calculate the remainder when 29 is divided by r(-5).
5
Suppose 2*q = -0 - 30. Suppose -36*x + 48 = -24*x. What is the remainder when (q/(-6))/(2/4) is divided by x?
1
Let a be (-5)/(20/(-12)) - -5. Let m = 41 - a. Let j = -16 + 34. What is the remainder when m is divided by j?
15
Let f = 43 + -27. Suppose 2*i - 23 = 129. Suppose -37 - i = -4*z - a, -32 = -z + a. What is the remainder when z is divided by f?
13
Let x(q) = -q**2 - 62*q - 553. Calculate the remainder when x(-44) is divided by 82.
75
Suppose -4*v + 7 + 5 = 0. Let p(o) = 0*o - o - 3 + 4*o**3 - 5*o**v - 5*o**2 + 8. What is the remainder when 39 is divided by p(-5)?
9
Let g(x) = -3*x**3 + 25*x**2 - 15*x + 1. What is the remainder when g(6) is divided by 32?
3
Let a(s) = 2 + 2*s - s**2 - s + 2. Let f be a(0). What is the remainder when 11 is divided by (-9)/(-3*2/f)?
5
Suppose -p = 4*p. Suppose p*x + 4*x = 152. Let m(r) = -2*r**2 - 19*r - 14. What is the remainder when x is divided by m(-8)?
8
Let u(i) = i**3 + 9*i**2 + 9. Let p(v) = -v**2 - 6*v + 10. Let c be p(-7). Suppose -c*w + 44 = -169. Calculate the remainder when w is divided by u(-9).
8
Let r = -224 + 65. Let t = r + 332. What is the remainder when t is divided by 29?
28
Suppose -30 + 34 = 2*i. Suppose -y = -i*y + 37. Calculate the remainder when 108 is divided by y.
34
Let l(f) = f**3 - 5*f**2 + 9*f - 6. Let s be l(3). Suppose -s*w = -4*d - 63, -5*d = w - 6*w + 105. What is the remainder when 35 is divided by w?
14
Let v be -1 - (-1 + -3)/(12/24). Suppose -5*g - l + 29 + 13 = 0, -2*g = -4*l - 8. Suppose 11*o - g = v*o. What is the remainder when 5 is divided by o?
1
Let b(j) = j**3 + 16*j**2 - 3*j - 18. Let f be b(-16). Suppose 0*y - 3*y + 3*s + 18 = 0, 0 = 3*y + 3*s - f. What is the remainder when 30 is divided by y?
6
What is the remainder when 37 is divided by ((-114)/(-4))/(-3*(-5)/10)?
18
Suppose 0 = -5*p + 23*p - 558. What is the remainder when 91 is divided by p?
29
Suppose x - 291 = -5*m, 2*m + 2*x = 4*x + 114. Calculate the remainder when 343 is divided by m.
53
Suppose 2*s = -5*i - 0*i + 164, 0 = 2*s + 3*i - 160. Suppose 6*v - s = -17. What is the remainder when 38 is divided by v?
8
Let f be 1 + (2 + 10)/(-3). Let d(p) = p**3 + 17*p**2 - 19*p - 5. Let t be d(-18). Let m = f + t. What is the remainder when 29 is divided by m?
9
Let x(w) = -5*w - 4. Let n be (3/5)/(1/(-5)). Let v be x(n). Let o = 13 - v. Calculate the remainder